ainder when 4545107 is divided by 100.
7
Calculate the remainder when 11859 is divided by 4297.
3265
Calculate the remainder when 11417145 is divided by 11417076.
69
What is the remainder when 813953 is divided by 24583?
2714
What is the remainder when 12552797 is divided by 836853?
2
What is the remainder when 1344341914 is divided by 303?
301
What is the remainder when 14119609 is divided by 111178?
3
Calculate the remainder when 22718 is divided by 781.
69
Calculate the remainder when 853536 is divided by 449.
436
Calculate the remainder when 329273 is divided by 2186.
1373
Calculate the remainder when 47675 is divided by 422.
411
Calculate the remainder when 30527 is divided by 1.
0
What is the remainder when 1245991 is divided by 3253?
92
What is the remainder when 41387 is divided by 8151?
632
What is the remainder when 11623124 is divided by 1875?
1874
What is the remainder when 23010848 is divided by 2315?
2063
Calculate the remainder when 1025118 is divided by 1014.
978
What is the remainder when 722920 is divided by 310?
0
What is the remainder when 2319 is divided by 672?
303
Calculate the remainder when 4932706 is divided by 371.
261
What is the remainder when 106153 is divided by 35344?
121
Calculate the remainder when 3706140 is divided by 283.
255
What is the remainder when 2042852 is divided by 123?
68
Calculate the remainder when 4399 is divided by 3069.
1330
What is the remainder when 520538 is divided by 1003?
984
What is the remainder when 345473 is divided by 144?
17
Calculate the remainder when 2271195 is divided by 324454.
17
Calculate the remainder when 19394549 is divided by 191.
27
Calculate the remainder when 9582534 is divided by 486.
72
Calculate the remainder when 681772 is divided by 32448.
364
Calculate the remainder when 2960078 is divided by 3142.
314
What is the remainder when 305705 is divided by 2640?
2105
Calculate the remainder when 5478923 is divided by 33.
32
Calculate the remainder when 1741997 is divided by 217711.
309
What is the remainder when 216372650 is divided by 57?
23
Calculate the remainder when 34741783 is divided by 3158343.
10
What is the remainder when 22871605 is divided by 39030?
25
Calculate the remainder when 416814 is divided by 104166.
150
What is the remainder when 138827512 is divided by 140?
12
Calculate the remainder when 513158 is divided by 9519.
8651
What is the remainder when 25504 is divided by 25489?
15
Calculate the remainder when 2518529 is divided by 2711.
10
What is the remainder when 576315302 is divided by 472?
470
Calculate the remainder when 461030 is divided by 351.
167
Calculate the remainder when 6901327 is divided by 1635.
1627
What is the remainder when 3017273 is divided by 1005728?
89
Calculate the remainder when 3515486 is divided by 46.
28
What is the remainder when 180055 is divided by 23?
11
Calculate the remainder when 32567 is divided by 461.
297
Calculate the remainder when 5555 is divided by 5194.
361
Calculate the remainder when 2546023 is divided by 438.
367
What is the remainder when 65044 is divided by 4983?
265
What is the remainder when 357047 is divided by 16?
7
Calculate the remainder when 170982 is divided by 3788.
522
Calculate the remainder when 1263205 is divided by 1752.
13
What is the remainder when 272422 is divided by 528?
502
What is the remainder when 427181 is divided by 8715?
146
Calculate the remainder when 14692738 is divided by 68.
46
What is the remainder when 57900 is divided by 57716?
184
What is the remainder when 119229 is divided by 658?
131
Calculate the remainder when 64267 is divided by 31814.
639
What is the remainder when 5304101 is divided by 298?
297
Calculate the remainder when 11024159 is divided by 11024144.
15
What is the remainder when 15294871 is divided by 177?
124
Calculate the remainder when 26832104 is divided by 253133.
6
What is the remainder when 1173590 is divided by 19239?
11
What is the remainder when 169426 is divided by 522?
298
Calculate the remainder when 490170 is divided by 465.
60
Calculate the remainder when 186314308 is divided by 78.
76
Calculate the remainder when 139318 is divided by 34447.
1530
Calculate the remainder when 15222 is divided by 4689.
1155
What is the remainder when 1059465 is divided by 972?
957
What is the remainder when 287412 is divided by 600?
12
Calculate the remainder when 108589 is divided by 27144.
13
What is the remainder when 207403 is divided by 10873?
816
Calculate the remainder when 13790736 is divided by 27.
0
Calculate the remainder when 72671 is divided by 4277.
4239
Calculate the remainder when 165683085 is divided by 66.
51
Calculate the remainder when 3162604 is divided by 291.
16
Calculate the remainder when 379008 is divided by 698.
692
What is the remainder when 9535523 is divided by 47?
22
What is the remainder when 6954686 is divided by 87?
80
Calculate the remainder when 18030936 is divided by 19.
12
Calculate the remainder when 331645909 is divided by 486.
481
Calculate the remainder when 5936202 is divided by 2968063.
76
What is the remainder when 283913030 is divided by 244?
242
Calculate the remainder when 150324 is divided by 75150.
24
What is the remainder when 1991998 is divided by 843?
832
What is the remainder when 4178 is divided by 348?
2
What is the remainder when 356732 is divided by 141?
2
What is the remainder when 674550 is divided by 224578?
816
What is the remainder when 153476 is divided by 1293?
902
What is the remainder when 6510919 is divided by 44?
19
What is the remainder when 484890 is divided by 484887?
3
Calculate the remainder when 529904084 is divided by 1522.
1520
Calculate the remainder when 266553 is divided by 19039.
7
Calculate the remainder when 2240331 is divided by 87.
81
Calculate the remainder when 20248028 is divided by 24.
20
What is the remainder when 286400083 is divided by 38?
11
What is the remainder when 116760 is divided by 135?
120
Calculate the remainder when 3402039 is divided by 1133978.
105
What is the remainder when 5320436 is divided by 5396?
5376
What is the remainder when 23331460 is divided by 149?
146
Calculate the remainder when 16008557 is divided by 1254.
1247
What is the remainder when 2235101 is divided by 44?
33
Calculate the remainder when 36256379 is divided by 5.
4
Calculate the remainder when 26383039 is divided by 4397173.
1
Calculate the remainder when 3677463 is divided by 145.
118
What is the remainder when 150294 is divided by 404?
6
Calculate the remainder when 9946911 is divided by 765146.
13
Calculate the remainder when 52716 is divided by 46.
0
What is the remainder when 4820316 is divided by 1864?
12
Calculate the remainder when 7430505 is divided by 276.
33
Calculate the remainder when 190046 is divided by 46558.
3814
Calculate the remainder when 2734976 is divided by 624.
608
What is the remainder when 66508 is divided by 9?
7
Calculate the remainder when 491767 is divided by 491545.
222
What is the remainder when 276981 is divided by 30772?
33
What is the remainder when 280831 is divided by 2175?
256
Calculate the remainder when 1085245 is divided by 180870.
25
What is the remainder when 497451 is divided by 1717?
1238
What is the remainder when 4595712 is divided by 416?
160
Calculate the remainder when 1067428 is divided by 30497.
33
What is the remainder when 612224 is divided by 1376?
1280
What is the remainder when 161319599 is divided by 260?
259
Calculate the remainder when 1981436 is divided by 6562.
6274
Calculate the remainder when 57875743 is divided by 11575137.
58
What is the remainder when 42506 is divided by 4209?
416
What is the remainder when 142732474 is divided by 27?
25
What is the remainder when 16832115 is divided by 19756?
3
Calculate the remainder when 8846 is divided by 4145.
556
Calculate the remainder when 57425 is divided by 7159.
153
What is the remainder when 573286 is divided by 407?
230
What is the remainder when 170503 is divided by 1034?
927
What is the remainder when 57898 is divided by 6257?
1585
Calculate the remainder when 21072 is divided by 2166.
1578
Calculate the remainder when 36037329 is divided by 12012415.
84
What is the remainder when 3656537 is divided by 1828267?
3
Calculate the remainder when 708052 is divided by 